
-9
Let h(l) = -l**2 - 21724*l - 8236471. What is h(-386)?
-3
Let r(z) = -7912*z - 1178883. What is r(-149)?
5
Let b(y) = 3346198*y + 10038597. What is b(-3)?
3
Let y(k) = -k**3 - 6*k**2 + 297*k + 209. Determine y(-20).
-131
Let o(m) = 25*m**2 + 57*m - 24210. Calculate o(30).
0
Let l(p) = 1373246*p - 17852202. Give l(13).
-4
Let q(z) = 765*z - 77354. Determine q(101).
-89
Let c(w) = -19*w - 2614. Calculate c(-125).
-239
Let n(q) = 6*q + 290. Determine n(-61).
-76
Let z(r) = -r**3 - 23*r**2 + 88*r + 258. Give z(-24).
-1278
Let f(l) = -l**3 + 144*l**2 + 1067*l - 1541. What is f(151)?
-31
Let r(z) = z**2 - 333175*z - 7330328. Determine r(-22).
6
Let w(k) = -5*k**3 + 160*k**2 + 121*k - 3702. Give w(32).
170
Let u(s) = -3*s**2 + 257*s + 95127. Determine u(226).
-19
Let k(w) = 2*w**3 + 47*w**2 + 2089*w + 27503. Calculate k(-15).
-7
Let i(c) = -c**3 + 424*c**2 - 4941*c + 8. Calculate i(12).
44
Let o(s) = -7*s**3 - 1980*s**2 - 74951*s - 1174. What is o(-45)?
-4
Let l(y) = -3*y**3 + 541*y**2 - 323*y + 25745. What is l(180)?
5
Let l(u) = 378*u - 19177. Determine l(48).
-1033
Let d(c) = -33875*c + 203284. Give d(6).
34
Let g(j) = -3*j**2 - 742*j - 45274. Determine g(-139).
-99
Let y(o) = 18196*o - 36385. Determine y(2).
7
Let x(j) = -j**3 + 46*j**2 - 334*j + 165. Give x(37).
128
Let j(o) = -3888*o + 38864. Give j(10).
-16
Let t(q) = 218242*q + 2400666. What is t(-11)?
4
Let g(c) = -c**2 + 287*c + 79035. What is g(-172)?
87
Let r(h) = 55*h**2 + 418*h - 525. Calculate r(-9).
168
Let z(p) = 11*p**3 + 132*p**2 - 49*p - 687. Calculate z(-12).
-99
Let k(a) = -a**3 - 14*a**2 - 524*a - 3317. Calculate k(-7).
8
Let b(f) = -457*f - 170451. Calculate b(-373).
10
Let b(w) = w**3 - 90*w**2 - 2074*w + 327. Determine b(109).
0
Let p(r) = 196*r**3 + 4*r**2 - 7*r + 15. What is p(0)?
15
Let s(r) = -r**3 - 92*r**2 - 520*r - 109. Give s(-86).
235
Let d(y) = -y**2 + 191*y - 8324. Give d(124).
-16
Let n(k) = 73*k + 630. What is n(4)?
922
Let y(u) = -1828*u - 263195. What is y(-144)?
37
Let a(f) = -40*f**3 + 1519*f**2 + 36*f + 85. What is a(38)?
9
Let x(a) = -721*a + 545099. Determine x(756).
23
Let w(a) = -9*a**2 + 500*a - 990. What is w(2)?
-26
Let k(s) = 38*s + 686. What is k(-40)?
-834
Let t(h) = -15116*h - 136140. What is t(-9)?
-96
Let b(u) = -291*u - 9689. Give b(-31).
-668
Let o(s) = 631600*s - 3789625. Determine o(6).
-25
Let n(i) = i**3 + 1594*i**2 + 1519*i - 117883. Determine n(-1593).
-1
Let q(k) = k**3 + 143*k**2 - 147*k + 662. Determine q(-144).
1094
Let a(x) = -x**3 - 20*x**2 - 10*x - 370. Give a(-20).
-170
Let c(d) = d**3 + 13*d**2 - 1029*d - 2972. What is c(-38)?
30
Let q(j) = j**3 - 88*j**2 + 1698*j + 785. Give q(59).
18
Let y(k) = k**3 + 136*k**2 - 546*k + 1858. Give y(-140).
-102
Let g(p) = -3*p**3 + 1050*p**2 + 991*p + 21763. What is g(351)?
1
Let y(k) = -129101*k - 1032822. Determine y(-8).
-14
Let f(u) = 5*u**2 + 167*u - 2905. Determine f(16).
1047
Let u(n) = -150541*n - 1957017. Give u(-13).
16
Let i(y) = -20*y**2 + 2461*y - 14049. Give i(6).
-3
Let b(r) = r**2 + 74*r - 958. Calculate b(-93).
809
Let v(a) = -138*a**2 + 3851*a + 360. Calculate v(28).
-4
Let t(x) = -26*x**3 - 12*x**2 - 8*x + 95. Give t(-4).
1599
Let m(l) = -1127*l + 8510. What is m(7)?
621
Let c(o) = 72351*o - 1085259. Calculate c(15).
6
Let w(b) = -2*b**2 + 880*b + 123713. What is w(552)?
65
Let d(r) = 104636*r + 1255621. Determine d(-12).
-11
Let t(l) = -l**3 - 65*l**2 + 3098*l - 558. Determine t(-97).
24
Let x(b) = b**3 + 19*b**2 - 2197*b - 37908. Give x(-17).
19
Let r(p) = -p**3 + 746*p**2 - 28995*p + 63451. Calculate r(705).
1
Let x(g) = g**2 - 1102*g + 4385. Calculate x(4).
-7
Let q(u) = -u**3 + 67*u**2 + 10*u - 869. Calculate q(67).
-199
Let m(c) = c**3 - 54*c**2 - 366*c - 3945. What is m(61)?
-224
Let n(f) = 2*f**2 + 325*f + 11364. What is n(-52)?
-128
Let r(h) = h**3 + 18*h**2 - 314*h + 439. Calculate r(10).
99
Let a(h) = h**2 - 205*h - 1264. Calculate a(-6).
2
Let h(j) = -2572*j + 31419. Calculate h(11).
3127
Let m(n) = 3*n**2 + 711*n + 14871. What is m(-214)?
105
Let u(f) = -2511*f**2 + 15061*f + 54. Give u(6).
24
Let f(s) = -112*s**3 + 1013*s**2 - 24*s - 160. What is f(9)?
29
Let p(d) = -17474*d + 174663. Calculate p(10).
-77
Let c(y) = -y**3 - 43*y**2 + 393*y + 469. Calculate c(-51).
1234
Let h(y) = -177*y - 21178. Determine h(-122).
416
Let t(u) = u**2 - 152*u + 1742. Determine t(132).
-898
Let i(k) = 199*k + 7525. Determine i(-35).
560
Let v(t) = t**3 + 158*t**2 - 698*t - 8100. Determine v(-162).
0
Let k(b) = b**2 + 251*b + 3083. Calculate k(-29).
-3355
Let c(h) = -75*h + 35166. Calculate c(469).
-9
Let f(w) = -w**3 - 78*w**2 - 1520*w - 177. What is f(-38)?
-177
Let g(m) = -508*m**2 - 15724*m - 370. What is g(-31)?
-1114
Let d(z) = 3247*z + 23250. What is d(-8)?
-2726
Let g(h) = -5*h**3 + 338*h**2 + 116*h + 1566. Calculate g(68).
206
Let p(i) = -i**3 - 220*i**2 - 1476*i + 1004. Determine p(-213).
-2191
Let n(x) = 5705*x + 519048. Calculate n(-91).
-107
Let p(v) = -v**3 + 13*v**2 - 41238*v + 370839. Determine p(9).
21
Let s(b) = -3*b**3 + 88*b**2 - 57*b + 3852. Calculate s(30).
342
Let z(q) = -q**2 - 55*q + 1672. Calculate z(-59).
1436
Let p(s) = -15*s + 829. What is p(26)?
439
Let q(f) = -5*f**3 - 66*f**2 - 4*f - 227. Give q(-13).
-344
Let h(g) = 256187*g - 2818092. Give h(11).
-35
Let a(l) = -9*l**3 - 3058*l**2 + 707*l + 9184. Give a(-340).
4
Let p(w) = 323*w + 3448. What is p(-11)?
-105
Let k(s) = 3*s**3 - 3*s**2 - 63*s - 439. Calculate k(7).
2
Let c(m) = -4*m**2 - 88*m + 795. Give c(-43).
-2817
Let y(q) = 51*q - 3168. Determine y(53).
-465
Let c(x) = -4*x**3 + 933*x**2 - 1153*x - 1623. Give c(232).
1
Let o(f) = 146592*f - 2198875. What is o(15)?
5
Let c(l) = 2*l**3 - 13*l**2 + 57*l - 494. Determine c(6).
-188
Let t(p) = -p**3 + 87*p**2 + 114*p - 2025. Determine t(88).
263
Let t(n) = 6728*n - 518023. Calculate t(77).
33
Let l(m) = -5*m**3 + 231*m**2 - 1338*m - 2579. What is l(39)?
-5
Let n(h) = 11853*h + 746715. What is n(-63)?
-24
Let l(y) = 13*y**2 + 415*y + 1877. Calculate l(-25).
-373
Let q(k) = -2959*k - 11332. Calculate q(-4).
504
Let z(u) = -3*u**2 - 13*u + 343. Give z(-21).
-707
Let k(b) = b**3 + 127*b**2 - 778*b - 15375. Give k(-132).
201
Let x(i) = -i**2 + 65*i - 643. Determine x(15).
107
Let b(q) = 3*q**3 - 1283*q**2 + 14830*q + 1616. Determine b(12).
8
Let q(u) = 167*u + 355. Give q(-2).
21
Let w(z) = 24*z**2 - 772*z + 2190. Determine w(29).
-14
Let t(x) = -3*x**2 + 114*x - 870. Determine t(26).
66
Let g(q) = -801*q**3 + 7*q**2 + 14*q + 9. Determine g(-1).
803
Let h(g) = -g**2 + 32*g + 235. Determine h(33).
202
Let r(q) = -q**3 - 48*q**2 + 96*q + 10788. What is r(-45)?
393
Let u(j) = j**3 + 112*j**2 + 1055*j + 722. Determine u(-9).
-430
Let r(y) = -7*y**3 - 27*y**2 - 72*y + 40. What is r(-5)?
600
Let c(l) = 4062*l + 653988. Determine c(-161).
6
Let h(r) = -841*r - 349860. Calculate h(-416).
-4
Let w(u) = u**3 - 2*u**2 + 65*u - 393. Calculate w(5).
7
Let z(l) = 3*l**3 - 1204*l**2 + 2817*l - 9571. What is z(399)?
5
Let w(m) = m**3 + m**2 + 19*m - 38. Give w(-5).
-233
Let h(m) = 303*m - 20921. Calculate h(69).
-14
Let b(l) = -163*l - 41569. What is b(-255)?
-4
Let u(f) = 8*f**3 - 16*f**2 + 42*f - 140. Determine u(3).
58
Let q(c) = -c**3 + 8*c**2 + 72*c - 133. Determine q(13).
-42
Let y(s) = 1835*s + 45865. Calculate y(-25).
-10
Let c(v) = 4827*v + 230950. Determine c(-48).
-746
Let n(y) = -y**2 - 260988*y - 1304936. What is n(-5)?
-21
Let j(m) = m**3 + 170*m**2 + 1644*m + 7012. Determine j(-160).
-28
Let d(b) = -19*b**3 + 13641*b**2 + 715*b + 2129. Give d(718).
-25
Let p(b) = 12*b**3 + 1471*b**2 + 3721*b + 18. What is p(-120)?
-102
Let x(t) = 2*t**3 + 441*t**2 + 6346*t - 3153. Give x(-16).
15
Let r(d) = 5064*d**2 + 111404*d - 27. What is r(-22)?
61
Let v(a) = -3*a**3 - 15*a**2 + 2643*a + 10611. What is v(-4)?
-9
Let j(q) = -129*q**2 + 2969*q - 44. Determine j(23).
2
Let i(j) = j**3 + 257*j**2 - 1955*j + 2270. Determine i(6).
8
Let t(j) = -2*j**3 - 127*j**2 - 188*j - 114. Give t(-62).
10
Let m(d) = -411*d - 95879. What is m(-233)?
-116
Let z(n) = -2*n**2 + 2758*n + 106708. What is z(-38)?
-984
Let j(k) = -k**3 + 49*k**2 - 155*k + 2826. Calculate j(47).
-41
Let k(b) = -17051*b + 613790. What is k(36)?
-46
Let y(g) = -6*g**3 + 958*g**2 + 303*g + 1633. Determine